-16) + (49 - 43)?
17
Calculate 64 - (0 + (33 - 18)) - 18.
31
What is 2 + (10 - (8 + -3))?
7
Calculate 7 - (-9 + 7 + (4 - 1) - -1).
5
What is (-4 - (29 + -34)) + (3 + 20 - 4)?
20
Calculate -16 - -4 - (-22 + 5).
5
What is 4 + (-3 - 1) + (3 - (-1 + 16))?
-12
11 - (0 + -2 + 15)
-2
Calculate -20 - 0 - (222 + -235).
-7
Calculate 6 + -2 - (57 - 53).
0
Calculate -2 + 11 + -37 + 38.
10
What is the value of -9 + (4 - -14) + -7?
2
Calculate (-1 - -2) + -47 + 50 + -10.
-6
Calculate (-7 - (7 - (3 + -4))) + 16.
1
What is the value of -19 - (-2 - (-6 + -12 + 17))?
-18
5 + (18 - (24 - 24))
23
Calculate (1 - -1) + 21 + (-11 - -20) + -17.
15
Calculate -3 - (-6 - (-20 - (-7 + -1))).
-9
-10 - (-6 + 15 - (16 + 3))
0
(-21 - -26) + (1 - 0) - (1 - -3)
2
What is 4 + 0 - (31 - 1 - (22 + -26))?
-30
What is the value of 8 + (16 - 28) - (34 - 25)?
-13
What is 13 - (2 - (-1 - 6))?
4
-39 - (-43 - (9 - 31))
-18
What is the value of 12 - (12 - -46) - -27?
-19
Calculate 17 + -1 + 1 + -3 + -5.
9
Evaluate (-16 - -9) + (3 - 4) - (1 - -8).
-17
What is -5 - -2 - (199 - 203 - (0 + 6))?
7
Calculate 7 - (-6 - -12 - 0) - (-1 - 4).
6
Calculate -3 + (-1 - 3 - (-20 - (29 - 31))).
11
7 + -2 + 13 + -11 + (3 - 3)
7
Calculate 12 + -6 + 1 + 17 + 1 + -6.
19
Evaluate -26 + 48 + -33 - -2.
-9
What is 7 - (16 - 0 - 0)?
-9
Calculate 4 + (1 - (-27 + 52)).
-20
Calculate -3 + (-7 - -10) + -5 + 20.
15
Calculate -12 + 18 + 0 + -2.
4
Calculate (51 - -12) + (-56 - -25).
32
798 + -818 - (-38 - (3 - 0))
21
Evaluate -1 + 1 + -5 + -5 + (30 - -4).
24
What is the value of -1 + -11 + (33 - 10) + 5?
16
What is the value of 0 - 31 - (-103 + 16 + 71)?
-15
Evaluate 32 + -81 - -43 - -42.
36
(3 + -9 + -3 - (-19 - -1)) + -21
-12
Calculate -21 + 22 + 0 + 1 + 6.
8
Calculate -19 + 6 - (9 + -18).
-4
Calculate 0 - -3 - (13 + (-16 - -1) + 4).
1
(-17 + -27 - -26) + 17
-1
Evaluate 7 + (-26 - -12) + 2.
-5
(-4 - 1) + (5 - 19) - -8
-11
What is the value of (-26 - -25) + (-4 - (0 + -4 + 10))?
-11
Calculate (-41 + 47 - (1 + 6)) + -11.
-12
What is 25 + 1 + -24 + (2 - 13)?
-9
5 - (5 + -3 + (5 - 6) - -7)
-3
Calculate 15 + (-17 - (-16 + -9)).
23
Calculate 20 + 17 - (-8 - -30).
15
Calculate 2 - (1 - (14 - 7)).
8
Evaluate -9 + (0 + 1 + 19 - -2).
13
What is the value of (-80 - -82) + (-5 + 9 - -18)?
24
-12 + (2 - 4) + 309 + -303 + -8
-16
38 - (10 + 23 + -10 - 9)
24
What is the value of -1728 - -1729 - (1 + 39)?
-39
Evaluate -36 + 119 + -21 + -30.
32
What is the value of 18 + 9 + (1 - -5) - 6?
27
-32 - (23 - (-9 + 40))
-24
What is the value of 8 + -1 + (0 - 2 - (-10 - -17))?
-2
-11 - -25 - 0 - 26
-12
Evaluate (-4 - (39 - 40)) + 1.
-2
What is 4 + -1 - (-12 - (2 + -23))?
-6
-12 - (-1 + -14 + (-122 - -140))
-15
-35 + 23 - (22 - 52)
18
Calculate (-6 - 9) + -2 + (-14 - -19).
-12
Evaluate 3 + -8 + -8 + 1 + 4.
-8
What is 356 + -347 - (-7 - 0)?
16
Evaluate 2 - (8 + (3 + -6 - 3)).
0
Evaluate -1 + (-5 - 19) + 37 + -25.
-13
Evaluate (-10 - -2 - -3) + (0 - 6) + 46.
35
-3 + -6 - -9 - 4
-4
What is the value of 10 + -13 + 2 + 7 - 14?
-8
What is the value of 7 - (16 - 6) - (-5 + 7 + -5)?
0
Calculate (-15 - 18) + 30 - 13.
-16
What is the value of 148 - 156 - (-24 - -2)?
14
What is (-17 - (69 + -82)) + 1 + -24?
-27
-15 + (6 - -12) - (-3 + 27)
-21
Calculate 2 + 2 - (-4 + -8 + -2 + 29).
-11
Evaluate (0 - 0) + (1 + 16 - (-109 + 112)).
14
What is 1 - -21 - (-1 + 5 - (-1 - 0))?
17
What is the value of 2 - -1 - (9 + -8 - 2) - -12?
16
What is the value of 1 - 5 - (-109 + 110) - 3?
-8
What is the value of -44 - (-10 + (-7 - 5) + 8)?
-30
What is the value of -24 - -60 - 66 - -38?
8
What is -2 + (-8 - -1) - (151 + -134)?
-26
What is (-17 - -2) + 22 - 18?
-11
What is 10 - (8 + 12 + -21)?
11
What is the value of 36 - (38 - (1 - -24))?
23
Evaluate -7 + (-37 - -40) - (1 - 13).
8
What is 2 + 7 + (-3 - 21) + 8 + -1?
-8
What is the value of -21 - (-22 + 30) - -36?
7
What is the value of -28 + -39 + 79 - -5?
17
Evaluate -3 - (3 + 20 + -20).
-6
What is 4 - ((-4 - 39) + 25)?
22
11 - (-11 + 1 - -24)
-3
Calculate (41 - (80 + -37)) + 3 + (0 - -23).
24
Evaluate 5 + -4 - 14 - (-358 + 346).
-1
5 + 35 + -2 + -59
-21
(14 - 40) + (9 - 0) + (-1 - -5)
-13
What is (38 - 39) + (6 - 11)?
-6
Evaluate (-4 - (-5 - (9 - (1 + 7)))) + -21.
-19
9 + 2 + (5 - 7)
9
What is the value of (5 - (6 + -8)) + (3 - (-2 + 25))?
-13
Evaluate -2 - (-12 - (0 - 23)).
-13
-2 + -2 + -42 + -26 + 8 + 25
-39
(3 + 18 - 37) + 2
-14
5 - 41 - (-30 + 9 + 9 - -4)
-28
Calculate 20 + (-10 - 2) + -28.
-20
-2 + 6 + 11 + -2 + (2 - -3)
18
-613 + 618 + (3 + -2 - -10)
16
-45 - 3 - (-332 + 295)
-11
Calculate 2 - (5 + (-10 - (3 - -1 - 5))).
6
What is the value of 4 - (13 - (7 + 4))?
2
Evaluate (-23 - -2) + 12 - -5.
-4
(-5 - (-7 + -2) - -1) + 2 + -6
1
Evaluate -15 - (24 + -44 - 12).
17
What is 8 + -14 + 6 - 9?
-9
Evaluate 28 - 6 - (6 + -17 - -12).
21
What is 0 + (-5 + -3 - (-1 + -6))?
-1
(-1 - -13) + (128 - 78 - 33)
29
Evaluate -17 + (-24 - (-10 - 29)).
-2
What is 1 + 2 - ((9 - 4) + -13)?
11
What is the value of 9 + -4 - (4 - (-2 - (4 + 8)))?
-13
Calculate -1 - (-45 + 37 + 14 + 2).
-9
Evaluate 6 + -19 - (-1 + -3 + 2).
-11
Evaluate 121 + -130 + 1 + (0 - -21).
13
-16 + (0 - ((44 - 34) + (-2 - 6)))
-18
What is -15 - (20 + 2 + 7 + -9 + -11)?
-24
What is 4 + 30 - (226 - 214)?
22
What is -1 + -3 + (6 - (0 - (2 + -3)))?
1
Evaluate (-1 - -1 - -5 - -2 - 6) + -5.
-4
Calculate (-19 - (-2 + (4 - (3 - 3)))) + 5.
-16
Evaluate 5 - -1 - (6 - 9).
9
What is -19 + (-8 - (32 + -55))?
-4
Evaluate 13 + (1 - 0 - (2 + (-9 - -8))).
13
Evaluate (3 - 11) + 13 - (-5 + 4).
6
What is (-1 - ((1 - (5 + -8)) + -11)) + 8?
14
Evaluate (-12 - 16) + 17 + 19.
8
12 - 20 - (-13 + 2 - -3)
0
(-20 - (-19 - 4)) + (-4 + 2 - 0)
1
What is the value of 29 + -40 + 5 - (-1 - 22)?
17
What is -2 + (1 - -3) - (-2 - (-3 - 0))?
1
What is -7 - (-4 + (-3 - 1) - (-10 - -5))?
-4
(-15 + 9 - 5) + 27 - -17
33
Evaluate (5 - 1) + -13 - (-3 + (0 - -6)).
-12
Evaluate (-57 - -34 - 11) + 32.
-2
What is 12 + 2 + 4 - (-38 + (30 - 3))?
29
Evaluate -61 + 55 - (-5 - 0).
-1
What is 17 - (5 - (-7 - -5))?
10
What is the value of -1 - (-3 + (48 - 14 - 16))?
-16
Evaluate -9 + -2 + 3 + 50 + -46.
-4
Calculate 10 + 10 + 10 + -10 + -12.
8
Calculate (-1 - -1) + (-18 - (0 - 3)) + 7.
-8
What is -5 - (5 - 5) - 0 - -2 - -4?
1
What is 8 + (-17 - (-10 + (-10 - -11))) - 23?
-23
Evaluate (0 - (20 - (34 - 17))) + -3.
-6
Evaluate 32 + 4 + -24 + 2.
14
What is 2 - 16 - -2 - (5 + -2)?
-15
Calculate 40 + -51 - (17 + -31).
3
-5 - (5 - (12 - -27))
29
-5 + (20 - (0 + -7 + -26 + 32))
16
Calculate 29 + -18 + -26 + 16.
1
Evaluate 5 - (-6 - -4) - (-5 + 5 + 8).
-1
What is 4 + -54 + 33 + 5 + -2?
-14
10 - (0 + 2 - (43 + -40))
11
Evaluate -8 - (6 + -2 - (13 + -6)).
-5
What is the value of 6 + (7 + 6 - 17) + 1?
3
-3 + 2 + (7 - (9 - 12))
9
What is 3 + 12 + 0 + -18 + (14 - -2)?
13
What is the value of -2 + -3 - -1 - (120 + -111)?
-13
What is the value of 18 + (49 + -41 - (9 - -2))?
15
What is 33 + 7 + -36 + 20 + 3?
27
What is 10 + -3 + -5 + 3 + -25 + 31?
11
What is the value of (-16 - (-3 - -14)) + 11?
-16
(3 - 18) + 46 + -32
-1
What is the value of (734 - 717) + (-12 - 1)?
4
What is the value of 0 + (0 - 1) - (-4 - (0 + -9))?
-6
What is the value of 1 + (-12 - -1 - (-1 + (-4 - -4)))?
-9
What is -2 - (-19 + 5 - -3) - (-33 - -12)?
30
Evaluate -4 - 5 - (-8 + -3) - (-7 + -1).
10
What is the value of -6 + 1 + (-13 - -21)?
3
(-18 - -3) + (10 - -5 - 3) - -8
5
Calculate 14 - (-39 + -6 + 80).
-21
8 + 5 + -7 + -3 - (-27 + 18)
12
Calculate (1 - (-2 - -9)) + (-4 - -18) - 2.
6
What is the value of 3 - ((13 - (21 - -4)) + -3 + 13)?
5
Calculate -1 + -2 + 1 + 0 - 3 - 6.
-11
What is the value of 7 + -13 + 2 + 7 + -12?
-9
Calculate 0 + (0 - 0) + -40 + 7 + 32.
-1
Evaluate (7 - (26 - (10 - 0)) - -2) + 28.
21
What is the value of 2 - (5 - (8 + -11 + -3))?
-9
What is -4 - -3 - (6 + -7 + 17 + 13)?
-30
What is the value of -18 - 0 - (-591 - -606 - (21 + 0))?
-12
What is -3 + 4 - (0 + -6) - -1?
8
What is the value of 7 - (3 - 1) - (18 - (61 + -17))?
31
Calculate (1 + 4 - ((9 - 12) + -3)) + -6.
5
What is -13 + 9 + -27 - -12?
-19
Calculate -6 + -2 + -3 - (21 + -15).
-17
What is the value of 11 - 4 - (54 + -54 + 1 + -9)?
15
Evaluate -7 + (10 - 3) + -11.
-11
What is 0 + (-6 - 8 - 1) - -8?
-7
-2 + (-9 + 0 - -13) + -22
-20
What is (-19 - 1) + 1 + 38?
19
(-25 - (-16 - (